Let l(z) = -z + 16. Calculate l(5).
11
Let j(a) = a**2 + 29*a - 44. Determine j(-30).
-14
Let i(o) = o**3 - 5*o**2 + 51*o - 334. Give i(6).
8
Let p(q) = -q**3 - 8*q**2 + 7*q - 10. What is p(-9)?
8
Let h(r) = r**2 - 4*r - 37. What is h(-4)?
-5
Let s(b) = -5*b**2 - 335*b + 10. What is s(-67)?
10
Let g(o) = -9*o**2 - 51*o + 8. What is g(-6)?
-10
Let u(q) = q**3 - 16*q**2 - 40*q + 22. Determine u(18).
-50
Let i(k) = k**2 + 7*k - 149. Calculate i(-16).
-5
Let z(x) = -3*x**2 + 5*x + 6. Calculate z(-1).
-2
Let s(d) = -d**3 - 79*d**2 - 506*d - 138. Determine s(-72).
6
Let t(g) = -23*g**3 - 2*g**2 + 1. Determine t(-1).
22
Let c(w) = -3*w**2 - 3*w - 2. What is c(5)?
-92
Let i(s) = -2*s - 4. Determine i(-2).
0
Let j(g) = g**2 + 3*g - 242. Calculate j(-17).
-4
Let y(c) = -3*c - 73. What is y(-26)?
5
Let u(b) = -2*b**2 - 48*b - 51. Calculate u(-23).
-5
Let o(q) = q**3 + 41*q**2 - 87*q + 55. Calculate o(-43).
98
Let g(z) = 4*z + 2. Give g(1).
6
Let h(z) = 2*z**3 + 4*z**2 + 4*z + 9. What is h(-4)?
-71
Let t(k) = k + 6. Calculate t(-3).
3
Let m(n) = -n + 26. Give m(15).
11
Let a(o) = -o**3 - 12*o**2 + 16*o + 34. Determine a(-13).
-5
Let m(v) = v - 2. Give m(15).
13
Let j(u) = 24*u**2 - 241*u + 20. Determine j(10).
10
Let j(k) = -k**3 - 8*k**2 + 2*k - 2. Calculate j(-8).
-18
Let c(x) = -x**2 + 11*x + 27. Give c(13).
1
Let z(f) = f**2 - 16*f + 13. Calculate z(12).
-35
Let p(s) = -s**3 + 16*s**2 - 18*s + 22. What is p(15)?
-23
Let k(s) = 18*s + 22. Determine k(-3).
-32
Let i(m) = -m**3 - 7*m**2 + 18*m - 16. What is i(-9)?
-16
Let o(c) = -13*c**3 - c**2 + 2*c - 4. Calculate o(2).
-108
Let c(v) = 2*v + 21. What is c(-12)?
-3
Let l(j) = 12*j**2 - 4*j. Determine l(2).
40
Let y(s) = 7*s + 26. Give y(-4).
-2
Let l(k) = -k**3 + 8*k**2 + 3*k - 3. What is l(9)?
-57
Let n(z) = z**2 - 7*z - 29. Determine n(10).
1
Let z(w) = -15*w**2 - 2*w - 1. Calculate z(-1).
-14
Let g(t) = -9*t**2 - t + 20. Give g(2).
-18
Let z(y) = y**3 + 4*y**2 + 4*y + 4. Determine z(-4).
-12
Let s(y) = -y**3 + 25*y**2 - 22*y - 45. Calculate s(24).
3
Let r(z) = -z**2 + 18*z - 35. Determine r(15).
10
Let u(f) = f**3 + 8*f**2 - 10*f - 7. Determine u(-9).
2
Let x(v) = 11*v + 104. Calculate x(-10).
-6
Let m(g) = -g**2 - 6*g - 18. Calculate m(-2).
-10
Let t(b) = -b**3 + b**2 + 11*b - 11. Calculate t(3).
4
Let t(i) = -i**3 - 6*i**2 + i - 7. Give t(-6).
-13
Let i(w) = 20*w - 16. Give i(-6).
-136
Let c(a) = a**2 + 6*a - 2. Give c(-9).
25
Let f(k) = 18*k + 25. Calculate f(-1).
7
Let i(h) = h**3 + 4*h**2 - 19*h - 26. Calculate i(-6).
16
Let c(z) = -2*z - 16. Calculate c(3).
-22
Let n(r) = 4*r + 62. Give n(-17).
-6
Let g(b) = -21*b - 14. What is g(-1)?
7
Let z(i) = i**3 - 8*i**2 + 8*i - 12. Give z(7).
-5
Let l(k) = -k**3 - 12*k**2 - 14*k - 2. Determine l(-11).
31
Let d(g) = -g - 11. What is d(0)?
-11
Let k(l) = l**3 + 6*l**2 + l + 8. Determine k(-6).
2
Let w(y) = -y + 2. Calculate w(5).
-3
Let n(x) = 2*x**2 + 21*x - 12. Give n(-11).
-1
Let i(m) = 35*m + 20. Calculate i(-2).
-50
Let i(r) = -r - 5. Calculate i(6).
-11
Let v(k) = k**2 - 7*k + 7. What is v(6)?
1
Let i(o) = 2*o**3 + o**2 - 2*o + 5. Determine i(-3).
-34
Let q(b) = b**2 - 7*b - 1. Calculate q(-5).
59
Let q(o) = o + 11. Give q(-6).
5
Let s(q) = -q**3 - 32*q**2 - 2*q - 59. What is s(-32)?
5
Let k(d) = -6*d**2 - 4*d - 5. What is k(-1)?
-7
Let p(w) = -3*w**3 + 38*w**2 + 17*w - 48. Calculate p(13).
4
Let t(u) = -u**3 + 2*u**2 + u - 4. What is t(2)?
-2
Let q(i) = i**3 + 9*i**2 - 8*i + 2. Calculate q(-7).
156
Let j(g) = 8*g - 117. Determine j(16).
11
Let b(w) = -8*w**2 + 5*w + 3. What is b(2)?
-19
Let w(j) = j**2 + 12*j - 100. Give w(5).
-15
Let d(j) = j**2 + 21*j - 137. What is d(6)?
25
Let o(i) = -i**3 + 28*i**2 + 32*i - 99. Give o(29).
-12
Let s(l) = l + 13. Determine s(-12).
1
Let m(t) = 8*t - 41. Determine m(4).
-9
Let j(r) = -r**2 - 6*r - 6. Determine j(-8).
-22
Let p(q) = -q**3 - 7*q**2 + 4*q + 24. Determine p(-7).
-4
Let f(p) = -p**2 + 14*p + 13. Determine f(15).
-2
Let x(q) = 5*q + 2. Calculate x(7).
37
Let m(r) = -r**2 + 20*r - 2. Give m(8).
94
Let n(z) = -44*z + 489. Calculate n(11).
5
Let k(m) = 3*m**3 + 4*m**2 + 4*m. Calculate k(-2).
-16
Let l(r) = -r**3 + 6*r**2 - 3*r + 2. Give l(6).
-16
Let n(c) = c**3 - 5*c**2 + 9*c. Calculate n(2).
6
Let w(n) = -n - 1. Give w(6).
-7
Let w(h) = 6*h**3 + 3*h**2 - 6*h + 5. What is w(2)?
53
Let b(f) = -f**2 + 3*f + 3. What is b(6)?
-15
Let c(o) = o - 19. What is c(0)?
-19
Let i(t) = -12*t + 198. Determine i(17).
-6
Let b(h) = -h**2 - 14*h + 210. What is b(-23)?
3
Let h(j) = -j + 21. Give h(-9).
30
Let r(h) = 7*h + 116. What is r(-16)?
4
Let s(m) = m**2 - 19*m - 59. Determine s(21).
-17
Let d(s) = -2*s + 1. Calculate d(7).
-13
Let b(u) = -u**2 + 20*u - 7. Calculate b(6).
77
Let j(x) = 3*x**2 + 5*x - 13. What is j(-4)?
15
Let z(s) = s**2 - 16*s + 54. Calculate z(12).
6
Let y(h) = -h**3 - 10*h**2 - h. What is y(-10)?
10
Let s(c) = 108*c + 640. What is s(-6)?
-8
Let b(a) = -2*a**2 + 7*a + 6. What is b(3)?
9
Let a(n) = -n**3 + n**2 + 16. What is a(0)?
16
Let u(t) = -7*t**3 - 1. Determine u(-1).
6
Let z(y) = 8*y**2 - 8*y - 7. Give z(-1).
9
Let q(g) = 4*g**3 + 2*g**2 + 3*g + 5. Calculate q(-2).
-25
Let v(g) = -6*g - 223. What is v(-41)?
23
Let a(i) = -i**3 + 12*i**2 - 18*i - 7. Calculate a(8).
105
Let j(q) = 10*q - 44. What is j(12)?
76
Let f(d) = 2*d**3 + 4*d**2 - 6. What is f(2)?
26
Let b(g) = g**2 + 14*g - 1. What is b(-11)?
-34
Let m(n) = n**3 - 7*n**2 - 5*n + 2. Calculate m(8).
26
Let j(s) = -4*s + 158. Calculate j(35).
18
Let y(w) = -w - 3. Give y(-5).
2
Let c(v) = v**2 + 25*v + 56. Give c(-23).
10
Let c(h) = -h**3 - 10*h**2 - h - 22. Determine c(-9).
-94
Let g(k) = -k**2 - 4*k + 4. Give g(-4).
4
Let d(a) = -a**2 + 7*a - 7. Determine d(7).
-7
Let r(g) = -g**3 - 8*g**2 - 2*g + 12. Give r(-8).
28
Let n(j) = j**3 - 18*j**2 + 17*j + 4. Give n(17).
4
Let m(q) = q**3 + 2*q**2 - 1. What is m(-3)?
-10
Let t(a) = -10*a + 16. Give t(1).
6
Let n(f) = -f**3 + 3*f**2 - 5*f + 6. Give n(4).
-30
Let p(b) = 2*b + 23. Determine p(-14).
-5
Let a(o) = 3*o + 1. Calculate a(2).
7
Let d(o) = -o**3 - 10*o**2 - 12*o - 7. Give d(-9).
20
Let x(l) = 8*l + 216. What is x(-28)?
-8
Let g(p) = -p**3 + 13*p**2 - 2*p. What is g(13)?
-26
Let r(s) = -s**3 - 9*s**2 + 2*s + 15. Calculate r(-9).
-3
Let x(o) = 14*o - 12. Calculate x(-1).
-26
Let q(s) = s**2 - 7*s + 7. What is q(7)?
7
Let o(r) = 4*r - 33. Calculate o(7).
-5
Let q(y) = y**3 - 7*y**2 - 7*y - 15. Calculate q(8).
-7
Let x(t) = -2*t - 6. What is x(6)?
-18
Let t(c) = -4*c**2 + 1. Calculate t(2).
-15
Let p(j) = j**3 - 2*j**2 + 3*j - 5. Give p(2).
1
Let g(r) = -3*r**3 - 58*r**2 - 21*r - 40. Calculate g(-19).
-2
Let b(q) = -q**3 + 8*q**2 - 49. Determine b(7).
0
Let x(d) = -d**3 - 28*d**2 + 31*d + 63. Give x(-29).
5
Let k(y) = y**3 + 3*y**2 - 9*y - 6. Give k(-6).
-60
Let l(a) = a**3 - 4*a**2 - 5*a - 3. Determine l(4).
-23
Let n(x) = -x**3 - 4*x**2 + 3*x + 4. Give n(-4).
-8
Let o(t) = 11*t**3 + 2*t**2 + 3*t. Give o(-2).
-86
Let m(r) = -13*r + 139. What is m(10)?
9
Let q(m) = m**3 - 4*m**2 - 4*m + 15. Determine q(6).
63
Let a(l) = -14*l + 1. Give a(-2).
29
Let t(x) = 4*x + 3. Calculate t(-3).
-9
Let l(i) = -11*i + 52. Determine l(6).
-14
Let u(g) = g**2 - 20*g + 10. Give u(16).
-54
Let t(w) = -34*w + 2. Determine t(-1).
36
Let t(v) = -398*v - 788. Calculate t(-2).
8
Let c(l) = l**2 + 4*l - 47. Calculate c(-14).
93
Let r(s) = s**2 - 11*s - 38. Give r(13).
-12
Let m(x) = 2*x - 50. What is m(0)?
-50
Let a(y) = y**2 - 11*y - 2. Give a(8).
-26
Let m(b) = -b**3 + 35*b**2 + 38*b - 85. Give m(36).
-13
Let c(h) = -h**2 - 2*h - 27. Calculate c(-8).
-75
Let v(m) = 7*m - 33. What is v(4)?
-5
Let j(a) = -5*a + 3. Determine j(3).
-12
Let n(d) = d**2 - 7*d + 5. Give n(7).
5
Let s(o) = 6*o**2 + o - 2. What is s(-3)?
49
Let g(c) = -c + 5. Determine g(5).
0
Let x(a) = a**3 - 10*a**2 + a + 1. Calculate x(10).
11
Let j(a) = -a**2 + 14*a + 10. What is j(14)?
10
Let n(f) = -3*f + 20. What is n(-16)?
68
Let b(y) = y**3 + 9*y**2 - 25*y + 7. Calculate b(-11).
40
Let j(h) = 2*h**3 + 45*h**2 - 23*h - 6. Calculate j(-23).
-6
Let y(g) = 5*g - 61. Give y(11).
-6
Let c(j) = -2*j**3 - 9*j**2 + 3*j + 5. What is c(-5)?
15
Let x(a) = 5*a + 87. Give x(-12).
27
Let g(b) = 15*b + 31. What is g(-8)?
-89
Let i(w) = -w**2 + 11*w - 31. 